factor of 287 and 517625?
41
Calculate the highest common divisor of 257 and 81212.
257
What is the greatest common factor of 2550 and 3774?
102
Calculate the greatest common divisor of 2755 and 1885.
145
What is the highest common divisor of 9296 and 9800?
56
Calculate the highest common factor of 352 and 21263.
11
What is the greatest common divisor of 736 and 682870?
46
Calculate the greatest common factor of 32501 and 28.
7
What is the greatest common divisor of 853346 and 6578?
598
What is the greatest common factor of 23 and 92023?
23
Calculate the greatest common factor of 36 and 27748.
4
What is the highest common factor of 155 and 910?
5
Calculate the highest common divisor of 357 and 4165.
119
Calculate the highest common divisor of 84 and 471396.
12
What is the greatest common factor of 131040 and 1960?
280
Calculate the greatest common factor of 9016 and 230.
46
Calculate the greatest common divisor of 168 and 1849932.
84
Calculate the greatest common factor of 13769 and 843.
281
Calculate the highest common divisor of 860 and 250.
10
Calculate the greatest common factor of 205 and 3217065.
205
Calculate the greatest common divisor of 264 and 46629.
33
What is the highest common divisor of 190 and 6410?
10
Calculate the greatest common divisor of 1641 and 126.
3
Calculate the greatest common divisor of 8984 and 2.
2
Calculate the greatest common divisor of 411 and 191937.
411
What is the greatest common divisor of 30 and 66520?
10
What is the highest common factor of 348 and 34278?
174
Calculate the greatest common factor of 1857415 and 70.
35
What is the highest common factor of 1314 and 16326?
18
What is the highest common divisor of 116196 and 184?
92
Calculate the greatest common divisor of 1 and 96527.
1
What is the greatest common factor of 28 and 36036?
28
Calculate the greatest common divisor of 22 and 54362.
22
Calculate the greatest common factor of 41276 and 2924.
68
Calculate the greatest common factor of 85 and 137972.
17
What is the greatest common divisor of 5264 and 88304?
16
What is the greatest common divisor of 2418 and 349618?
62
Calculate the greatest common divisor of 69855 and 1215.
15
What is the greatest common factor of 1228918 and 148?
74
Calculate the greatest common factor of 30 and 5896185.
15
What is the highest common factor of 15120 and 12360?
120
What is the greatest common factor of 7788 and 972?
12
What is the greatest common divisor of 98 and 2366847?
49
Calculate the greatest common factor of 1960 and 12152.
392
What is the greatest common factor of 675 and 13800?
75
What is the greatest common factor of 520 and 65260?
260
Calculate the highest common divisor of 292 and 389.
1
What is the highest common divisor of 91 and 482781?
13
What is the highest common divisor of 9454 and 464?
58
Calculate the highest common divisor of 951 and 108.
3
Calculate the greatest common divisor of 3269 and 2533008.
467
What is the greatest common divisor of 207454 and 5846?
158
What is the highest common factor of 3050 and 1952?
122
Calculate the greatest common divisor of 17 and 5418121.
17
What is the highest common factor of 3934 and 20794?
562
What is the highest common divisor of 285 and 52155?
285
Calculate the highest common factor of 1665 and 765.
45
What is the highest common divisor of 1800 and 3636?
36
What is the greatest common divisor of 4428 and 64452?
492
Calculate the highest common divisor of 9078 and 153.
51
What is the greatest common factor of 376 and 1237322?
94
What is the highest common divisor of 47140 and 20?
20
Calculate the highest common divisor of 7472043 and 1557.
1557
Calculate the highest common factor of 1164207 and 66.
33
Calculate the greatest common factor of 36228 and 24.
12
What is the highest common divisor of 2336 and 2263?
73
Calculate the highest common divisor of 22608 and 135.
9
What is the greatest common divisor of 78 and 92418?
6
What is the greatest common divisor of 8679 and 33?
33
What is the highest common divisor of 267238 and 2378?
82
Calculate the greatest common divisor of 16 and 194368.
16
Calculate the highest common divisor of 52799 and 703.
37
Calculate the greatest common factor of 6021493 and 61.
61
What is the greatest common divisor of 43705 and 560?
5
What is the highest common factor of 493 and 45907?
29
What is the highest common divisor of 280 and 285656?
56
What is the greatest common factor of 25278 and 66?
66
What is the highest common divisor of 22 and 214?
2
Calculate the highest common factor of 102 and 1339974.
102
Calculate the highest common divisor of 339 and 1077229.
113
Calculate the greatest common divisor of 18516 and 24.
12
Calculate the greatest common divisor of 93 and 2025199.
31
Calculate the highest common factor of 28483 and 65.
13
What is the greatest common divisor of 231 and 1025409?
231
Calculate the highest common divisor of 8976 and 109344.
816
Calculate the greatest common factor of 819 and 15327.
117
What is the highest common factor of 5611660 and 10?
10
What is the highest common divisor of 11 and 203027?
11
What is the highest common divisor of 191036 and 652?
652
Calculate the highest common divisor of 37 and 2347243.
37
Calculate the highest common divisor of 497 and 102879.
497
Calculate the highest common divisor of 25930 and 25.
5
What is the highest common factor of 156500 and 16?
4
What is the highest common factor of 95202 and 164?
82
What is the greatest common divisor of 66 and 207042?
66
What is the greatest common divisor of 9463289 and 121?
121
Calculate the greatest common divisor of 14994 and 25398.
306
Calculate the greatest common factor of 4464 and 40455.
279
What is the highest common factor of 55202 and 21?
7
What is the highest common divisor of 9410518 and 26?
26
What is the greatest common divisor of 500 and 29570?
10
What is the greatest common factor of 179996 and 4692?
68
What is the greatest common divisor of 2292 and 2231644?
764
What is the highest common factor of 2232 and 2016?
72
What is the greatest common factor of 15304284 and 102?
102
Calculate the greatest common divisor of 109056 and 6528.
384
Calculate the highest common divisor of 134010 and 145.
5
Calculate the highest common factor of 240 and 91320.
120
What is the greatest common divisor of 22099 and 4059?
451
Calculate the greatest common divisor of 21547 and 319.
29
What is the greatest common divisor of 915686 and 4?
2
Calculate the greatest common divisor of 4617 and 114.
57
What is the greatest common factor of 8260200 and 1300?
1300
What is the highest common divisor of 612 and 1719414?
306
What is the greatest common divisor of 58 and 2559134?
58
What is the greatest common divisor of 846064 and 8?
8
What is the highest common factor of 38 and 41173?
19
What is the greatest common divisor of 148 and 17396?
4
What is the greatest common factor of 29223 and 2448?
153
Calculate the highest common divisor of 143 and 7319.
13
Calculate the greatest common factor of 5406 and 408.
102
What is the highest common factor of 7188 and 6?
6
Calculate the highest common divisor of 215073 and 207.
207
What is the greatest common factor of 54 and 500463?
9
What is the greatest common factor of 55744 and 2412?
268
Calculate the greatest common factor of 294 and 8694.
42
What is the highest common factor of 78 and 1026?
6
Calculate the greatest common factor of 360 and 214.
2
What is the greatest common divisor of 1453 and 4244213?
1453
What is the highest common divisor of 10 and 129790?
10
What is the highest common divisor of 14161280 and 464?
464
Calculate the greatest common divisor of 42 and 6404559.
21
What is the highest common factor of 1800 and 762975?
225
What is the greatest common factor of 280 and 292360?
40
What is the greatest common divisor of 58074 and 156?
6
Calculate the highest common factor of 759 and 1127.
23
Calculate the highest common factor of 16 and 7405.
1
What is the highest common divisor of 24426 and 20532?
354
Calculate the greatest common divisor of 360 and 3144.
24
What is the highest common divisor of 231 and 30513?
21
What is the highest common factor of 875 and 51065?
35
What is the highest common divisor of 298860 and 2550?
510
What is the highest common factor of 4508 and 1176?
196
Calcul